{"id":95,"date":"2025-08-29T12:51:37","date_gmt":"2025-08-29T10:51:37","guid":{"rendered":"https:\/\/janus.datiscum.de\/?page_id=95"},"modified":"2025-10-13T11:26:48","modified_gmt":"2025-10-13T09:26:48","slug":"impressum","status":"publish","type":"page","link":"https:\/\/janus-trans.de\/?page_id=95","title":{"rendered":"Impressum"},"content":{"rendered":"\n<p><strong>Janus &#8211; Trans e.K.<\/strong><br>Inh. Thomas Bohnefeld<br>Sch\u00fctzenstr. 32<br>01683 Nossen<br><br><strong>Postanschrift:<\/strong><br>Postfach 31 02 45<br>34058 Kassel<br><br>Tel.: 0 561 \/ 579 887 &#8211;&nbsp;0<br>Fax: 0 561 \/ 579 887 -14<br><br>Amtsgericht Dresden HRA: 10329<\/p>\n\n\n\n<p>UST-ID: DE 315 827 348<\/p>\n\n\n\n<p>IBAN: DE 38 3705 0198 1934 1546 08<\/p>\n\n\n\n<p>SWIFT-BIC: COLSDE33XXX<\/p>\n\n\n\n<p id=\"Datenschutz\"><strong>Datenschutzerkl\u00e4rung<\/strong><br>Durch die Nutzung unserer Website erkl\u00e4ren Sie sich mit der Erhebung, Verarbeitung und Nutzung von Daten gem\u00e4\u00df der nachfolgenden Beschreibung einverstanden. Unsere Website kann grunds\u00e4tzlich ohne Registrierung besucht werden. Dabei werden Daten wie beispielsweise aufgerufene Seiten bzw. Namen der abgerufenen Datei, Datum und Uhrzeit zu statistischen Zwecken auf dem Server gespeichert, ohne dass diese Daten unmittelbar auf Ihre Person bezogen werden. Personenbezogene Daten, insbesondere Name, Adresse oder E-Mail-Adresse werden soweit m\u00f6glich auf freiwilliger Basis erhoben. Ohne Ihre Einwilligung erfolgt keine Weitergabe der Daten an Dritte.<\/p>\n\n\n\n<p>Alle Bilder auf dieser Webseite sind urheberrechtlich gesch\u00fctzt:<\/p>\n\n\n\n<p>Headergrafik: &#8222;City of Kassel Germany 360\u00b0 air-nightpano&#8220; \u00a9Adobe Stock: 298310293<\/p>\n\n\n\n<p><\/p>\n\n\n\n<p><\/p>\n","protected":false},"excerpt":{"rendered":"<p>Janus &#8211; Trans e.K.Inh. Thomas BohnefeldSch\u00fctzenstr. 3201683 Nossen Postanschrift:Postfach 31 02 4534058 Kassel Tel.: 0 561 \/ 579 887 &#8211;&nbsp;0Fax: 0 561 \/ 579 887 -14 Amtsgericht Dresden HRA: 10329 UST-ID: DE 315 827 348 IBAN: DE 38 3705 0198 1934 1546 08 SWIFT-BIC: COLSDE33XXX Datenschutzerkl\u00e4rungDurch die Nutzung unserer Website erkl\u00e4ren Sie sich mit der &hellip; <\/p>\n<p class=\"link-more\"><a href=\"https:\/\/janus-trans.de\/?page_id=95\" class=\"more-link\"><span class=\"screen-reader-text\">\u201eImpressum\u201c <\/span>weiterlesen<\/a><\/p>\n","protected":false},"author":2,"featured_media":0,"parent":0,"menu_order":0,"comment_status":"closed","ping_status":"closed","template":"","meta":{"footnotes":""},"class_list":["post-95","page","type-page","status-publish","hentry"],"_links":{"self":[{"href":"https:\/\/janus-trans.de\/index.php?rest_route=\/wp\/v2\/pages\/95","targetHints":{"allow":["GET"]}}],"collection":[{"href":"https:\/\/janus-trans.de\/index.php?rest_route=\/wp\/v2\/pages"}],"about":[{"href":"https:\/\/janus-trans.de\/index.php?rest_route=\/wp\/v2\/types\/page"}],"author":[{"embeddable":true,"href":"https:\/\/janus-trans.de\/index.php?rest_route=\/wp\/v2\/users\/2"}],"replies":[{"embeddable":true,"href":"https:\/\/janus-trans.de\/index.php?rest_route=%2Fwp%2Fv2%2Fcomments&post=95"}],"version-history":[{"count":6,"href":"https:\/\/janus-trans.de\/index.php?rest_route=\/wp\/v2\/pages\/95\/revisions"}],"predecessor-version":[{"id":199,"href":"https:\/\/janus-trans.de\/index.php?rest_route=\/wp\/v2\/pages\/95\/revisions\/199"}],"wp:attachment":[{"href":"https:\/\/janus-trans.de\/index.php?rest_route=%2Fwp%2Fv2%2Fmedia&parent=95"}],"curies":[{"name":"wp","href":"https:\/\/api.w.org\/{rel}","templated":true}]}}